{"id":16,"date":"2015-07-03T15:57:58","date_gmt":"2015-07-03T15:57:58","guid":{"rendered":"http:\/\/www.foyerdecaridad.cl\/tome\/?page_id=16"},"modified":"2016-08-14T19:40:00","modified_gmt":"2016-08-14T19:40:00","slug":"historia","status":"publish","type":"page","link":"http:\/\/www.foyerdecaridad.cl\/tome\/?page_id=16","title":{"rendered":"Historia"},"content":{"rendered":"<h1 style=\"text-align: center;\"><strong>FOYER DE CHARITE DE TOME<\/strong><\/h1>\n<h3 style=\"text-align: center;\"><strong>El Foyer: \u201cLa Casa de mi Coraz\u00f3n abierto a todos<\/strong>\u201d (dijo Jes\u00fas a Marta)<\/h3>\n<p style=\"text-align: center;\"><a href=\"http:\/\/www.foyerdecaridad.cl\/tome\/wp-content\/uploads\/2015\/07\/VirgenDelFoyer.jpg\"><img loading=\"lazy\" class=\"alignnone size-medium wp-image-196\" src=\"http:\/\/www.foyerdecaridad.cl\/tome\/wp-content\/uploads\/2015\/07\/VirgenDelFoyer-224x300.jpg\" alt=\"VirgenDelFoyer\" width=\"224\" height=\"300\" srcset=\"http:\/\/www.foyerdecaridad.cl\/tome\/wp-content\/uploads\/2015\/07\/VirgenDelFoyer-224x300.jpg 224w, http:\/\/www.foyerdecaridad.cl\/tome\/wp-content\/uploads\/2015\/07\/VirgenDelFoyer.jpg 425w\" sizes=\"(max-width: 224px) 100vw, 224px\" \/><\/a><\/p>\n<h2><strong>LA OBRA DE LOS FOYERS DE CHARITE<\/strong><\/h2>\n<p><strong>\u00a0<\/strong><\/p>\n<h3><strong>\u00bfQUI\u00c9NES SOMOS? <\/strong><\/h3>\n<p>La m\u00e1s antigua de las Comunidades Nuevas<\/p>\n<p>&nbsp;<\/p>\n<p>Antes de ser, \u201cCasa de Retiro\u201d, somos una familia, la familia de los hijos de Dios.<\/p>\n<p>No somos religiosos, sino laicos consagrados.<\/p>\n<p>Somos \u201cmixtos\u201d: sacerdotes y laicos, viviendo juntos, de ambos sexos, c\u00e9libes o viudos, y a veces matrimonio y de diversas nacionalidades.<\/p>\n<p>&nbsp;<\/p>\n<p>El nombre dado por el mismo Se\u00f1or a la Obra es: Foyer de Lumi\u00e8re, de Charit\u00e9 et d\u2019Amour (Hogar de Luz, de Caridad y de Amor, pero los Foyers se conocen en el mundo por \u201cFoyer de Charit\u00e9\u201d).<\/p>\n<p>En Chile, nos conocen hasta el momento por: \u201cFoyer de Caridad\u201d.<\/p>\n<p>Estamos en Bellavista -Tom\u00e9 desde el 13 de octubre de 1972.<\/p>\n<p>&nbsp;<\/p>\n<p>La palabra <strong>\u201cFoyer\u201d<\/strong> es una palabra del idioma franc\u00e9s que significa \u201cfamilia\u201d, \u201chogar\u201d, \u201choguera\u201d, \u201cfoco de amor y de caridad\u201d, que alumbra y calienta.<\/p>\n<p>&nbsp;<\/p>\n<p>Los Foyers de Charit\u00e9 son comunidades de bautizados, hombres y mujeres, que a ejemplo de los primeros cristianos, comparten sus bienes materiales, espirituales e intelectuales, totalmente consagrados a la evangelizaci\u00f3n, prioritariamente a trav\u00e9s de los retiros espirituales de una semana en silencio, pero tambi\u00e9n de fin de semana o jornadas de un d\u00eda y tienen otras ramas de evangelizaci\u00f3n adicionales o de servicio a la comunidad: colegios, jardines, dispensarios, etc\u2026 Para el Foyer de Chile: una editorial y una radio.<\/p>\n<p>&nbsp;<\/p>\n<p>La Obra de los Foyers es reconocida oficialmente por la Iglesia desde el a\u00f1o 1999 como \u201cAsociaci\u00f3n Privada de Fieles de Car\u00e1cter Internacional\u201d y tiene desde entonces sus Estatutos.<\/p>\n<p>La Comunidad del Foyer, es una comunidad de vida que, por designio de Dios, une a los dos sacerdocios: el sacerdocio ministerial y el sacerdocio de los bautizados. Est\u00e1 formada por un sacerdote, el Padre del Foyer, y laicos consagrados que se comprometen una vez para siempre despu\u00e9s de cuatro o seis a\u00f1os. Esta consagraci\u00f3n no se realiza a trav\u00e9s de votos, ya que no somos Congregaci\u00f3n, sino que viviendo el Esp\u00edritu de las Bienaventuranzas en comunidad.<\/p>\n<p>&nbsp;<\/p>\n<p>A trav\u00e9s de su vida comunitaria dan testimonio de vida cristiana en familia, en comuni\u00f3n con el sacerdote, que no es el asesor o capell\u00e1n que pasa, sino el Padre que vive con su familia y que ayuda a cada miembro a practicar la confianza filial para con Dios y el amor fraternal para con los hermanos.<\/p>\n<p>&nbsp;<\/p>\n<p>Los miembros de nuestra comunidad y los que quieren integrar nuestra obra son considerados desde su llegada como hijos de la familia, sin pasar por la formaci\u00f3n de un noviciado. No vivimos separados del mundo, sino totalmente insertos en su realidad; despu\u00e9s de algunos a\u00f1os, pronunciamos un compromiso definitivo para vivir nuestro bautismo en la obediencia, no a una Regla, sino al Padre del Foyer en la confianza filial y en la caridad fraterna. Vida de familia sencilla pero exigente, en trabajo y oraci\u00f3n es el lema de los Foyers, a imitaci\u00f3n de la Sagrada Familia de Nazareth, teniendo a Mar\u00eda por Madre y a San Jos\u00e9 como protector.<\/p>\n<p>&nbsp;<\/p>\n<p>La Obra de los Foyers de Charit\u00e9 naci\u00f3 en 1936 en Ch\u00e2teauneuf de Galaure, Francia, cerca de Lyon donde vivi\u00f3 Marta Robin, la inspiradora de los Foyers de Charit\u00e9. Ah\u00ed est\u00e1 el \u201cFoyer Centro\u201d, Coraz\u00f3n de la Obra, cuyo Padre es Responsable a la vez de todos los Foyers de Charit\u00e9 del mundo.<\/p>\n<p>Actualmente existen en el mundo 77 Foyers en cuatro continentes y en 43 pa\u00edses, de los cuales nueve en Am\u00e9rica Latina. Otros Foyers est\u00e1n en preparaci\u00f3n.<\/p>\n<p>&nbsp;<\/p>\n<p>&nbsp;<\/p>\n<p>&nbsp;<\/p>\n<h2><strong>EL FOYER DE CHARITE EN CHILE: \u201cNuestra Se\u00f1ora del Carmen\u201d, Tom\u00e9.<\/strong><\/h2>\n<p>&nbsp;<\/p>\n<h3><strong>Un poco de historia\u2026<\/strong><\/h3>\n<p>El Foyer de Charit\u00e9 naci\u00f3 en Chile el 13 de octubre de 1972, a petici\u00f3n de <strong>Monse\u00f1or S\u00e1nchez<\/strong>, Arzobispo de Concepci\u00f3n que solicit\u00f3 del <strong>Padre Finet<\/strong> (fundador de la Obra) la creaci\u00f3n de un Foyer en la di\u00f3cesis de Concepci\u00f3n.<\/p>\n<p><a href=\"http:\/\/www.foyerdecaridad.cl\/tome\/wp-content\/uploads\/2015\/07\/Foyer-1972-con-Mons.-S\u00e1nchez-copia.jpg\"><img loading=\"lazy\" class=\"aligncenter wp-image-7 size-full\" src=\"http:\/\/www.foyerdecaridad.cl\/tome\/wp-content\/uploads\/2015\/07\/Foyer-1972-con-Mons.-S\u00e1nchez-copia.jpg\" alt=\"Foyer 1972 con Mons. S\u00e1nchez copia\" width=\"849\" height=\"695\" srcset=\"http:\/\/www.foyerdecaridad.cl\/tome\/wp-content\/uploads\/2015\/07\/Foyer-1972-con-Mons.-S\u00e1nchez-copia.jpg 849w, http:\/\/www.foyerdecaridad.cl\/tome\/wp-content\/uploads\/2015\/07\/Foyer-1972-con-Mons.-S\u00e1nchez-copia-300x245.jpg 300w, http:\/\/www.foyerdecaridad.cl\/tome\/wp-content\/uploads\/2015\/07\/Foyer-1972-con-Mons.-S\u00e1nchez-copia-676x553.jpg 676w\" sizes=\"(max-width: 849px) 100vw, 849px\" \/><\/a><\/p>\n<p>En pleno acuerdo con el Arzobispo y el Padre fundador, el <strong>Padre Ram\u00f3n Ricciardi<\/strong> fue elegido para iniciar la Obra en Chile. Desde aquel entonces, sigue siendo el Responsable local de la Obra.<\/p>\n<p>Es as\u00ed que, el <strong>13 de octubre de 1972<\/strong>, se constituy\u00f3 la familia del Foyer con el Padre Ram\u00f3n, la se\u00f1ora Marta Laporte y Mar\u00eda Teresa Perrone, comenzando sin demora la construcci\u00f3n de la Casa, que ha sido toda una epopeya en que se vio en cada momento la mano de Mar\u00eda, ya que no se dispon\u00eda ni de terreno, ni de la m\u00e1s m\u00ednima cantidad de dinero, pero en menos de un a\u00f1o, por un milagro evidente de la Virgen, se pudo edificar la casa de madera para recibir a 50 ejercitantes. Actualmente se ampli\u00f3 para recibir unas 80 personas.<\/p>\n<p>Desde el inicio hasta hoy, el Padre Ram\u00f3n ha predicado m\u00e1s de 400 retiros de una semana en silencio. Todav\u00eda sigue predicando los retiros del Foyer.<\/p>\n<p>El Padre est\u00e1 tambi\u00e9n disponible para una conversaci\u00f3n, una orientaci\u00f3n o para la confesi\u00f3n.<\/p>\n<p>La Misa dominical en el Foyer es a las 10:30 hrs. cada domingo, con posibilidad de confesi\u00f3n a partir de las 10:00 hrs.<\/p>\n<p>La Comunidad cuenta actualmente con seis miembros consagrados.<\/p>\n<p>&nbsp;<\/p>\n<p>El Foyer est\u00e1 ubicado en la falda de un cerro, dominando la poblaci\u00f3n de Bellavista, a la entrada de Tom\u00e9, frente al mar (\u00a1con maravillosas puesta de sol!) y rodeado de bosques. Un lugar maravilloso\u2026<\/p>\n<p>&nbsp;<\/p>\n<h3><strong>Para conocer la Obra: <\/strong><\/h3>\n<p>&#8211; El folleto de retiros y el folleto vocacional<\/p>\n<p>&#8211; Una visita a la Casa.<\/p>\n<p>&#8211; Participando de un retiro de un d\u00eda (el \u201cDomingo con Dios\u201d cada primer domingo del mes), de un fin de semana o de una semana (el retiro fundamental).<\/p>\n<p>&#8211; Rezando con nosotros la oraci\u00f3n de la noche y el Santo Rosario con la \u201cRadio que reza\u201d (FM 103,5) o online: www.foyerdecaridad.cl (FOTO)<\/p>\n<p>&nbsp;<\/p>\n<h3><strong>Para ayudar a la Obra:<\/strong><\/h3>\n<p>&#8211; Con la oraci\u00f3n, ofreciendo un rosario y una misa los primeros viernes de cada mes en la Parroquia de La Merced (Concepci\u00f3n) a las 18: 15 hrs. uni\u00e9ndose al grupo de los \u201camigos del Foyer\u201d. O rezando con nosotros a partir de las 20:00 hrs. de lunes a s\u00e1bado en \u201cLa Radio que Reza\u201d.<\/p>\n<p>&#8211; Cooperando de manera ben\u00e9vola, sirviendo en alg\u00fan retiro; ya sea en la cocina, en el comedor, etc\u2026<\/p>\n<p>&nbsp;<\/p>\n<h3><strong>PARA LOS SACERDOTES:<\/strong><\/h3>\n<p>Estamos felices de acoger a quien necesita un d\u00eda de descanso, de oraci\u00f3n o de contacto con el Padre del Foyer y la Comunidad.<\/p>\n<p>Una llamada basta\u2026 Les acogemos con cari\u00f1o.<\/p>\n<p>&nbsp;<\/p>\n<p>&nbsp;<\/p>\n<p>El Se\u00f1or mismo indic\u00f3 a Marta Robin que <strong>\u201cla Obra de su Coraz\u00f3n abierto a todos\u201d,<\/strong> <strong>\u201cser\u00e1 el refugio de las grandes miserias humanas que vendr\u00e1n a encontrar ah\u00ed el consuelo y la esperanza\u2026 atra\u00eddos por mi Madre y por M\u00ed, a buscar la luz y la curaci\u00f3n de sus males en mi perd\u00f3n divino\u201d<\/strong>.<\/p>\n<p>La <strong>primera misi\u00f3n<\/strong> de los Foyers de Charit\u00e9 es proponer retiros espirituales de formaci\u00f3n cristiana, en un ambiente familiar y un clima de silencio para los ejercitantes, acogidos y atendidos por el Padre y la Comunidad.<\/p>\n<p>Fortaleciendo su fe a trav\u00e9s de la meditaci\u00f3n de la Palabra de Dios y de la ense\u00f1anza de la Iglesia, en un encuentro personal con el Se\u00f1or a trav\u00e9s de la oraci\u00f3n y con la orientaci\u00f3n espiritual entregada por el Padre, los ejercitantes encuentran la luz, el amor y la paz que vinieron a buscar.<\/p>\n<p>Los testimonios que nos entregan dan fe de la experiencia vivida durante el retiro.<\/p>\n<p>El material de lectura que ofrece la Editorial Foyer, permite profundizar la formaci\u00f3n y ser misionero en su medio ambiente.<\/p>\n<p>Se pueden seguir uniendo de oraci\u00f3n con nosotros, a trav\u00e9s de la Radio que reza.<\/p>\n<p class=\"Pparrafo18Gar\">\n","protected":false},"excerpt":{"rendered":"<p>FOYER DE CHARITE DE TOME El Foyer: \u201cLa Casa de mi Coraz\u00f3n abierto a todos\u201d (dijo Jes\u00fas a Marta) LA OBRA DE LOS FOYERS DE CHARITE \u00a0 \u00bfQUI\u00c9NES SOMOS? La m\u00e1s antigua de las Comunidades Nuevas &nbsp; Antes de ser, \u201cCasa de Retiro\u201d, somos una familia, la familia de los hijos de Dios. No somos&hellip;<\/p>\n<p class=\"more-link-wrapper\"><a class=\"more-link\" href=\"http:\/\/www.foyerdecaridad.cl\/tome\/?page_id=16\">Continue<\/a><\/p>\n","protected":false},"author":1,"featured_media":0,"parent":0,"menu_order":0,"comment_status":"open","ping_status":"open","template":"","meta":[],"_links":{"self":[{"href":"http:\/\/www.foyerdecaridad.cl\/tome\/index.php?rest_route=\/wp\/v2\/pages\/16"}],"collection":[{"href":"http:\/\/www.foyerdecaridad.cl\/tome\/index.php?rest_route=\/wp\/v2\/pages"}],"about":[{"href":"http:\/\/www.foyerdecaridad.cl\/tome\/index.php?rest_route=\/wp\/v2\/types\/page"}],"author":[{"embeddable":true,"href":"http:\/\/www.foyerdecaridad.cl\/tome\/index.php?rest_route=\/wp\/v2\/users\/1"}],"replies":[{"embeddable":true,"href":"http:\/\/www.foyerdecaridad.cl\/tome\/index.php?rest_route=%2Fwp%2Fv2%2Fcomments&post=16"}],"version-history":[{"count":8,"href":"http:\/\/www.foyerdecaridad.cl\/tome\/index.php?rest_route=\/wp\/v2\/pages\/16\/revisions"}],"predecessor-version":[{"id":307,"href":"http:\/\/www.foyerdecaridad.cl\/tome\/index.php?rest_route=\/wp\/v2\/pages\/16\/revisions\/307"}],"wp:attachment":[{"href":"http:\/\/www.foyerdecaridad.cl\/tome\/index.php?rest_route=%2Fwp%2Fv2%2Fmedia&parent=16"}],"curies":[{"name":"wp","href":"https:\/\/api.w.org\/{rel}","templated":true}]}}

<h1 style="text-align: center;"><strong>FOYER DE CHARITE DE TOME</strong></h1>
<h3 style="text-align: center;"><strong>El Foyer: “La Casa de mi Corazón abierto a todos</strong>” (dijo Jesús a Marta)</h3>
<p style="text-align: center;"><a href="http://www.foyerdecaridad.cl/tome/wp-content/uploads/2015/07/VirgenDelFoyer.jpg"><img loading="lazy" class="alignnone size-medium wp-image-196" src="http://www.foyerdecaridad.cl/tome/wp-content/uploads/2015/07/VirgenDelFoyer-224x300.jpg" alt="VirgenDelFoyer" width="224" height="300" srcset="http://www.foyerdecaridad.cl/tome/wp-content/uploads/2015/07/VirgenDelFoyer-224x300.jpg 224w, http://www.foyerdecaridad.cl/tome/wp-content/uploads/2015/07/VirgenDelFoyer.jpg 425w" sizes="(max-width: 224px) 100vw, 224px" /></a></p>
<h2><strong>LA OBRA DE LOS FOYERS DE CHARITE</strong></h2>
<p><strong> </strong></p>
<h3><strong>¿QUIÉNES SOMOS? </strong></h3>
<p>La más antigua de las Comunidades Nuevas</p>
<p>&nbsp;</p>
<p>Antes de ser, “Casa de Retiro”, somos una familia, la familia de los hijos de Dios.</p>
<p>No somos religiosos, sino laicos consagrados.</p>
<p>Somos “mixtos”: sacerdotes y laicos, viviendo juntos, de ambos sexos, célibes o viudos, y a veces matrimonio y de diversas nacionalidades.</p>
<p>&nbsp;</p>
<p>El nombre dado por el mismo Señor a la Obra es: Foyer de Lumière, de Charité et d’Amour (Hogar de Luz, de Caridad y de Amor, pero los Foyers se conocen en el mundo por “Foyer de Charité”).</p>
<p>En Chile, nos conocen hasta el momento por: “Foyer de Caridad”.</p>
<p>Estamos en Bellavista -Tomé desde el 13 de octubre de 1972.</p>
<p>&nbsp;</p>
<p>La palabra <strong>“Foyer”</strong> es una palabra del idioma francés que significa “familia”, “hogar”, “hoguera”, “foco de amor y de caridad”, que alumbra y calienta.</p>
<p>&nbsp;</p>
<p>Los Foyers de Charité son comunidades de bautizados, hombres y mujeres, que a ejemplo de los primeros cristianos, comparten sus bienes materiales, espirituales e intelectuales, totalmente consagrados a la evangelización, prioritariamente a través de los retiros espirituales de una semana en silencio, pero también de fin de semana o jornadas de un día y tienen otras ramas de evangelización adicionales o de servicio a la comunidad: colegios, jardines, dispensarios, etc… Para el Foyer de Chile: una editorial y una radio.</p>
<p>&nbsp;</p>
<p>La Obra de los Foyers es reconocida oficialmente por la Iglesia desde el año 1999 como “Asociación Privada de Fieles de Carácter Internacional” y tiene desde entonces sus Estatutos.</p>
<p>La Comunidad del Foyer, es una comunidad de vida que, por designio de Dios, une a los dos sacerdocios: el sacerdocio ministerial y el sacerdocio de los bautizados. Está formada por un sacerdote, el Padre del Foyer, y laicos consagrados que se comprometen una vez para siempre después de cuatro o seis años. Esta consagración no se realiza a través de votos, ya que no somos Congregación, sino que viviendo el Espíritu de las Bienaventuranzas en comunidad.</p>
<p>&nbsp;</p>
<p>A través de su vida comunitaria dan testimonio de vida cristiana en familia, en comunión con el sacerdote, que no es el asesor o capellán que pasa, sino el Padre que vive con su familia y que ayuda a cada miembro a practicar la confianza filial para con Dios y el amor fraternal para con los hermanos.</p>
<p>&nbsp;</p>
<p>Los miembros de nuestra comunidad y los que quieren integrar nuestra obra son considerados desde su llegada como hijos de la familia, sin pasar por la formación de un noviciado. No vivimos separados del mundo, sino totalmente insertos en su realidad; después de algunos años, pronunciamos un compromiso definitivo para vivir nuestro bautismo en la obediencia, no a una Regla, sino al Padre del Foyer en la confianza filial y en la caridad fraterna. Vida de familia sencilla pero exigente, en trabajo y oración es el lema de los Foyers, a imitación de la Sagrada Familia de Nazareth, teniendo a María por Madre y a San José como protector.</p>
<p>&nbsp;</p>
<p>La Obra de los Foyers de Charité nació en 1936 en Châteauneuf de Galaure, Francia, cerca de Lyon donde vivió Marta Robin, la inspiradora de los Foyers de Charité. Ahí está el “Foyer Centro”, Corazón de la Obra, cuyo Padre es Responsable a la vez de todos los Foyers de Charité del mundo.</p>
<p>Actualmente existen en el mundo 77 Foyers en cuatro continentes y en 43 países, de los cuales nueve en América Latina. Otros Foyers están en preparación.</p>
<p>&nbsp;</p>
<p>&nbsp;</p>
<p>&nbsp;</p>
<h2><strong>EL FOYER DE CHARITE EN CHILE: “Nuestra Señora del Carmen”, Tomé.</strong></h2>
<p>&nbsp;</p>
<h3><strong>Un poco de historia…</strong></h3>
<p>El Foyer de Charité nació en Chile el 13 de octubre de 1972, a petición de <strong>Monseñor Sánchez</strong>, Arzobispo de Concepción que solicitó del <strong>Padre Finet</strong> (fundador de la Obra) la creación de un Foyer en la diócesis de Concepción.</p>
<p><a href="http://www.foyerdecaridad.cl/tome/wp-content/uploads/2015/07/Foyer-1972-con-Mons.-Sánchez-copia.jpg"><img loading="lazy" class="aligncenter wp-image-7 size-full" src="http://www.foyerdecaridad.cl/tome/wp-content/uploads/2015/07/Foyer-1972-con-Mons.-Sánchez-copia.jpg" alt="Foyer 1972 con Mons. Sánchez copia" width="849" height="695" srcset="http://www.foyerdecaridad.cl/tome/wp-content/uploads/2015/07/Foyer-1972-con-Mons.-Sánchez-copia.jpg 849w, http://www.foyerdecaridad.cl/tome/wp-content/uploads/2015/07/Foyer-1972-con-Mons.-Sánchez-copia-300x245.jpg 300w, http://www.foyerdecaridad.cl/tome/wp-content/uploads/2015/07/Foyer-1972-con-Mons.-Sánchez-copia-676x553.jpg 676w" sizes="(max-width: 849px) 100vw, 849px" /></a></p>
<p>En pleno acuerdo con el Arzobispo y el Padre fundador, el <strong>Padre Ramón Ricciardi</strong> fue elegido para iniciar la Obra en Chile. Desde aquel entonces, sigue siendo el Responsable local de la Obra.</p>
<p>Es así que, el <strong>13 de octubre de 1972</strong>, se constituyó la familia del Foyer con el Padre Ramón, la señora Marta Laporte y María Teresa Perrone, comenzando sin demora la construcción de la Casa, que ha sido toda una epopeya en que se vio en cada momento la mano de María, ya que no se disponía ni de terreno, ni de la más mínima cantidad de dinero, pero en menos de un año, por un milagro evidente de la Virgen, se pudo edificar la casa de madera para recibir a 50 ejercitantes. Actualmente se amplió para recibir unas 80 personas.</p>
<p>Desde el inicio hasta hoy, el Padre Ramón ha predicado más de 400 retiros de una semana en silencio. Todavía sigue predicando los retiros del Foyer.</p>
<p>El Padre está también disponible para una conversación, una orientación o para la confesión.</p>
<p>La Misa dominical en el Foyer es a las 10:30 hrs. cada domingo, con posibilidad de confesión a partir de las 10:00 hrs.</p>
<p>La Comunidad cuenta actualmente con seis miembros consagrados.</p>
<p>&nbsp;</p>
<p>El Foyer está ubicado en la falda de un cerro, dominando la población de Bellavista, a la entrada de Tomé, frente al mar (¡con maravillosas puesta de sol!) y rodeado de bosques. Un lugar maravilloso…</p>
<p>&nbsp;</p>
<h3><strong>Para conocer la Obra: </strong></h3>
<p>&#8211; El folleto de retiros y el folleto vocacional</p>
<p>&#8211; Una visita a la Casa.</p>
<p>&#8211; Participando de un retiro de un día (el “Domingo con Dios” cada primer domingo del mes), de un fin de semana o de una semana (el retiro fundamental).</p>
<p>&#8211; Rezando con nosotros la oración de la noche y el Santo Rosario con la “Radio que reza” (FM 103,5) o online: www.foyerdecaridad.cl (FOTO)</p>
<p>&nbsp;</p>
<h3><strong>Para ayudar a la Obra:</strong></h3>
<p>&#8211; Con la oración, ofreciendo un rosario y una misa los primeros viernes de cada mes en la Parroquia de La Merced (Concepción) a las 18: 15 hrs. uniéndose al grupo de los “amigos del Foyer”. O rezando con nosotros a partir de las 20:00 hrs. de lunes a sábado en “La Radio que Reza”.</p>
<p>&#8211; Cooperando de manera benévola, sirviendo en algún retiro; ya sea en la cocina, en el comedor, etc…</p>
<p>&nbsp;</p>
<h3><strong>PARA LOS SACERDOTES:</strong></h3>
<p>Estamos felices de acoger a quien necesita un día de descanso, de oración o de contacto con el Padre del Foyer y la Comunidad.</p>
<p>Una llamada basta… Les acogemos con cariño.</p>
<p>&nbsp;</p>
<p>&nbsp;</p>
<p>El Señor mismo indicó a Marta Robin que <strong>“la Obra de su Corazón abierto a todos”,</strong> <strong>“será el refugio de las grandes miserias humanas que vendrán a encontrar ahí el consuelo y la esperanza… atraídos por mi Madre y por Mí, a buscar la luz y la curación de sus males en mi perdón divino”</strong>.</p>
<p>La <strong>primera misión</strong> de los Foyers de Charité es proponer retiros espirituales de formación cristiana, en un ambiente familiar y un clima de silencio para los ejercitantes, acogidos y atendidos por el Padre y la Comunidad.</p>
<p>Fortaleciendo su fe a través de la meditación de la Palabra de Dios y de la enseñanza de la Iglesia, en un encuentro personal con el Señor a través de la oración y con la orientación espiritual entregada por el Padre, los ejercitantes encuentran la luz, el amor y la paz que vinieron a buscar.</p>
<p>Los testimonios que nos entregan dan fe de la experiencia vivida durante el retiro.</p>
<p>El material de lectura que ofrece la Editorial Foyer, permite profundizar la formación y ser misionero en su medio ambiente.</p>
<p>Se pueden seguir uniendo de oración con nosotros, a través de la Radio que reza.</p>
<p class="Pparrafo18Gar">

<p>FOYER DE CHARITE DE TOME El Foyer: “La Casa de mi Corazón abierto a todos” (dijo Jesús a Marta) LA OBRA DE LOS FOYERS DE CHARITE   ¿QUIÉNES SOMOS? La más antigua de las Comunidades Nuevas &nbsp; Antes de ser, “Casa de Retiro”, somos una familia, la familia de los hijos de Dios. No somos&hellip;</p>
<p class="more-link-wrapper"><a class="more-link" href="http://www.foyerdecaridad.cl/tome/?page_id=16">Continue</a></p>
