{"id":20,"date":"2015-07-03T16:01:53","date_gmt":"2015-07-03T16:01:53","guid":{"rendered":"http:\/\/www.foyerdecaridad.cl\/tome\/?page_id=20"},"modified":"2016-08-14T19:36:23","modified_gmt":"2016-08-14T19:36:23","slug":"marta-robin","status":"publish","type":"page","link":"http:\/\/www.foyerdecaridad.cl\/tome\/?page_id=20","title":{"rendered":"Marta Robin"},"content":{"rendered":"<h1 style=\"text-align: center;\"><strong>1.- MARTA VENERABLE<\/strong><\/h1>\n<h1 style=\"text-align: center;\"><strong><a href=\"http:\/\/www.foyerdecaridad.cl\/tome\/wp-content\/uploads\/2015\/07\/Dosier-de-prensa-Marta-Robin-venerable-1.png\"><img loading=\"lazy\" class=\"aligncenter wp-image-98 size-full\" src=\"http:\/\/www.foyerdecaridad.cl\/tome\/wp-content\/uploads\/2015\/07\/Dosier-de-prensa-Marta-Robin-venerable-1.png\" alt=\"Dosier de prensa Marta Robin venerable 1\" width=\"649\" height=\"918\" srcset=\"http:\/\/www.foyerdecaridad.cl\/tome\/wp-content\/uploads\/2015\/07\/Dosier-de-prensa-Marta-Robin-venerable-1.png 649w, http:\/\/www.foyerdecaridad.cl\/tome\/wp-content\/uploads\/2015\/07\/Dosier-de-prensa-Marta-Robin-venerable-1-212x300.png 212w\" sizes=\"(max-width: 649px) 100vw, 649px\" \/><\/a><a href=\"http:\/\/www.foyerdecaridad.cl\/tome\/wp-content\/uploads\/2015\/07\/Dosier-de-prensa-Marta-Robin-venerable-2.png\"><img loading=\"lazy\" class=\"aligncenter wp-image-99 size-full\" src=\"http:\/\/www.foyerdecaridad.cl\/tome\/wp-content\/uploads\/2015\/07\/Dosier-de-prensa-Marta-Robin-venerable-2.png\" alt=\"Dosier de prensa Marta Robin venerable 2\" width=\"649\" height=\"918\" srcset=\"http:\/\/www.foyerdecaridad.cl\/tome\/wp-content\/uploads\/2015\/07\/Dosier-de-prensa-Marta-Robin-venerable-2.png 649w, http:\/\/www.foyerdecaridad.cl\/tome\/wp-content\/uploads\/2015\/07\/Dosier-de-prensa-Marta-Robin-venerable-2-212x300.png 212w\" sizes=\"(max-width: 649px) 100vw, 649px\" \/><\/a><a href=\"http:\/\/www.foyerdecaridad.cl\/tome\/wp-content\/uploads\/2015\/07\/Dosier-de-prensa-Marta-Robin-venerable-3.png\"><img loading=\"lazy\" class=\"aligncenter wp-image-100 size-full\" src=\"http:\/\/www.foyerdecaridad.cl\/tome\/wp-content\/uploads\/2015\/07\/Dosier-de-prensa-Marta-Robin-venerable-3.png\" alt=\"Dosier de prensa Marta Robin venerable 3\" width=\"647\" height=\"915\" srcset=\"http:\/\/www.foyerdecaridad.cl\/tome\/wp-content\/uploads\/2015\/07\/Dosier-de-prensa-Marta-Robin-venerable-3.png 647w, http:\/\/www.foyerdecaridad.cl\/tome\/wp-content\/uploads\/2015\/07\/Dosier-de-prensa-Marta-Robin-venerable-3-212x300.png 212w\" sizes=\"(max-width: 647px) 100vw, 647px\" \/><\/a><a href=\"http:\/\/www.foyerdecaridad.cl\/tome\/wp-content\/uploads\/2015\/07\/Dosier-de-prensa-Marta-Robin-venerable-4.png\"><img loading=\"lazy\" class=\"aligncenter wp-image-101 size-full\" src=\"http:\/\/www.foyerdecaridad.cl\/tome\/wp-content\/uploads\/2015\/07\/Dosier-de-prensa-Marta-Robin-venerable-4.png\" alt=\"Dosier de prensa Marta Robin venerable 4\" width=\"648\" height=\"916\" srcset=\"http:\/\/www.foyerdecaridad.cl\/tome\/wp-content\/uploads\/2015\/07\/Dosier-de-prensa-Marta-Robin-venerable-4.png 648w, http:\/\/www.foyerdecaridad.cl\/tome\/wp-content\/uploads\/2015\/07\/Dosier-de-prensa-Marta-Robin-venerable-4-212x300.png 212w\" sizes=\"(max-width: 648px) 100vw, 648px\" \/><\/a><a href=\"http:\/\/www.foyerdecaridad.cl\/tome\/wp-content\/uploads\/2015\/07\/Dosier-de-prensa-Marta-Robin-venerable-5.png\"><img loading=\"lazy\" class=\"aligncenter wp-image-102 size-full\" src=\"http:\/\/www.foyerdecaridad.cl\/tome\/wp-content\/uploads\/2015\/07\/Dosier-de-prensa-Marta-Robin-venerable-5.png\" alt=\"Dosier de prensa Marta Robin venerable 5\" width=\"648\" height=\"917\" srcset=\"http:\/\/www.foyerdecaridad.cl\/tome\/wp-content\/uploads\/2015\/07\/Dosier-de-prensa-Marta-Robin-venerable-5.png 648w, http:\/\/www.foyerdecaridad.cl\/tome\/wp-content\/uploads\/2015\/07\/Dosier-de-prensa-Marta-Robin-venerable-5-211x300.png 211w\" sizes=\"(max-width: 648px) 100vw, 648px\" \/><\/a><a href=\"http:\/\/www.foyerdecaridad.cl\/tome\/wp-content\/uploads\/2015\/07\/Dosier-de-prensa-Marta-Robin-venerable-6.png\"><img loading=\"lazy\" class=\"aligncenter wp-image-103 size-full\" src=\"http:\/\/www.foyerdecaridad.cl\/tome\/wp-content\/uploads\/2015\/07\/Dosier-de-prensa-Marta-Robin-venerable-6.png\" alt=\"Dosier de prensa Marta Robin venerable 6\" width=\"648\" height=\"916\" srcset=\"http:\/\/www.foyerdecaridad.cl\/tome\/wp-content\/uploads\/2015\/07\/Dosier-de-prensa-Marta-Robin-venerable-6.png 648w, http:\/\/www.foyerdecaridad.cl\/tome\/wp-content\/uploads\/2015\/07\/Dosier-de-prensa-Marta-Robin-venerable-6-212x300.png 212w\" sizes=\"(max-width: 648px) 100vw, 648px\" \/><\/a><a href=\"http:\/\/www.foyerdecaridad.cl\/tome\/wp-content\/uploads\/2015\/07\/Dosier-de-prensa-Marta-Robin-venerable-7.png\"><img loading=\"lazy\" class=\"aligncenter wp-image-104 size-full\" src=\"http:\/\/www.foyerdecaridad.cl\/tome\/wp-content\/uploads\/2015\/07\/Dosier-de-prensa-Marta-Robin-venerable-7.png\" alt=\"Dosier de prensa Marta Robin venerable 7\" width=\"648\" height=\"916\" srcset=\"http:\/\/www.foyerdecaridad.cl\/tome\/wp-content\/uploads\/2015\/07\/Dosier-de-prensa-Marta-Robin-venerable-7.png 648w, http:\/\/www.foyerdecaridad.cl\/tome\/wp-content\/uploads\/2015\/07\/Dosier-de-prensa-Marta-Robin-venerable-7-212x300.png 212w\" sizes=\"(max-width: 648px) 100vw, 648px\" \/><\/a><a href=\"http:\/\/www.foyerdecaridad.cl\/tome\/wp-content\/uploads\/2015\/07\/Dosier-de-prensa-Marta-Robin-venerable-8.png\"><img loading=\"lazy\" class=\"aligncenter wp-image-105 size-full\" src=\"http:\/\/www.foyerdecaridad.cl\/tome\/wp-content\/uploads\/2015\/07\/Dosier-de-prensa-Marta-Robin-venerable-8.png\" alt=\"Dosier de prensa Marta Robin venerable 8\" width=\"648\" height=\"916\" srcset=\"http:\/\/www.foyerdecaridad.cl\/tome\/wp-content\/uploads\/2015\/07\/Dosier-de-prensa-Marta-Robin-venerable-8.png 648w, http:\/\/www.foyerdecaridad.cl\/tome\/wp-content\/uploads\/2015\/07\/Dosier-de-prensa-Marta-Robin-venerable-8-212x300.png 212w\" sizes=\"(max-width: 648px) 100vw, 648px\" \/><\/a><a href=\"http:\/\/www.foyerdecaridad.cl\/tome\/wp-content\/uploads\/2015\/07\/Dosier-de-prensa-Marta-Robin-venerable-9.png\"><img loading=\"lazy\" class=\"aligncenter wp-image-106 size-full\" src=\"http:\/\/www.foyerdecaridad.cl\/tome\/wp-content\/uploads\/2015\/07\/Dosier-de-prensa-Marta-Robin-venerable-9.png\" alt=\"Dosier de prensa Marta Robin venerable 9\" width=\"648\" height=\"916\" srcset=\"http:\/\/www.foyerdecaridad.cl\/tome\/wp-content\/uploads\/2015\/07\/Dosier-de-prensa-Marta-Robin-venerable-9.png 648w, http:\/\/www.foyerdecaridad.cl\/tome\/wp-content\/uploads\/2015\/07\/Dosier-de-prensa-Marta-Robin-venerable-9-212x300.png 212w\" sizes=\"(max-width: 648px) 100vw, 648px\" \/><\/a><a href=\"http:\/\/www.foyerdecaridad.cl\/tome\/wp-content\/uploads\/2015\/07\/Dosier-de-prensa-Marta-Robin-venerable-10.png\"><img loading=\"lazy\" class=\"aligncenter wp-image-107 size-full\" src=\"http:\/\/www.foyerdecaridad.cl\/tome\/wp-content\/uploads\/2015\/07\/Dosier-de-prensa-Marta-Robin-venerable-10.png\" alt=\"Dosier de prensa Marta Robin venerable 10\" width=\"648\" height=\"916\" srcset=\"http:\/\/www.foyerdecaridad.cl\/tome\/wp-content\/uploads\/2015\/07\/Dosier-de-prensa-Marta-Robin-venerable-10.png 648w, http:\/\/www.foyerdecaridad.cl\/tome\/wp-content\/uploads\/2015\/07\/Dosier-de-prensa-Marta-Robin-venerable-10-212x300.png 212w\" sizes=\"(max-width: 648px) 100vw, 648px\" \/><\/a><a href=\"http:\/\/www.foyerdecaridad.cl\/tome\/wp-content\/uploads\/2015\/07\/Dosier-de-prensa-Marta-Robin-venerable-11.png\"><img loading=\"lazy\" class=\"aligncenter wp-image-108 size-full\" src=\"http:\/\/www.foyerdecaridad.cl\/tome\/wp-content\/uploads\/2015\/07\/Dosier-de-prensa-Marta-Robin-venerable-11.png\" alt=\"Dosier de prensa Marta Robin venerable 11\" width=\"625\" height=\"884\" srcset=\"http:\/\/www.foyerdecaridad.cl\/tome\/wp-content\/uploads\/2015\/07\/Dosier-de-prensa-Marta-Robin-venerable-11.png 625w, http:\/\/www.foyerdecaridad.cl\/tome\/wp-content\/uploads\/2015\/07\/Dosier-de-prensa-Marta-Robin-venerable-11-212x300.png 212w\" sizes=\"(max-width: 625px) 100vw, 625px\" \/><\/a><a href=\"http:\/\/www.foyerdecaridad.cl\/tome\/wp-content\/uploads\/2015\/07\/Dosier-de-prensa-Marta-Robin-venerable-12.png\"><img loading=\"lazy\" class=\"aligncenter wp-image-109 size-full\" src=\"http:\/\/www.foyerdecaridad.cl\/tome\/wp-content\/uploads\/2015\/07\/Dosier-de-prensa-Marta-Robin-venerable-12.png\" alt=\"Dosier de prensa Marta Robin venerable 12\" width=\"634\" height=\"897\" srcset=\"http:\/\/www.foyerdecaridad.cl\/tome\/wp-content\/uploads\/2015\/07\/Dosier-de-prensa-Marta-Robin-venerable-12.png 634w, http:\/\/www.foyerdecaridad.cl\/tome\/wp-content\/uploads\/2015\/07\/Dosier-de-prensa-Marta-Robin-venerable-12-212x300.png 212w\" sizes=\"(max-width: 634px) 100vw, 634px\" \/><\/a><\/strong><\/h1>\n<h1 style=\"text-align: center;\"><strong>\u00a0<\/strong><\/h1>\n<h1 style=\"text-align: center;\"><strong>2.- video<\/strong><\/h1>\n<h1><strong><iframe loading=\"lazy\" src=\"https:\/\/www.youtube.com\/embed\/MS_8bTMycEU\" width=\"483\" height=\"362\" frameborder=\"0\" allowfullscreen=\"allowfullscreen\"><\/iframe><\/strong><\/h1>\n<p>&nbsp;<\/p>\n<h1 style=\"text-align: center;\">3.-Pensamientos de Marta<\/h1>\n<p><a href=\"http:\/\/www.foyerdecaridad.cl\/tome\/wp-content\/uploads\/2015\/07\/frases-de-Marta-flores-1-.png\"><img loading=\"lazy\" class=\"alignnone size-medium wp-image-112\" src=\"http:\/\/www.foyerdecaridad.cl\/tome\/wp-content\/uploads\/2015\/07\/frases-de-Marta-flores-1--300x225.png\" alt=\"frases de Marta-flores 1\" width=\"300\" height=\"225\" srcset=\"http:\/\/www.foyerdecaridad.cl\/tome\/wp-content\/uploads\/2015\/07\/frases-de-Marta-flores-1--300x225.png 300w, http:\/\/www.foyerdecaridad.cl\/tome\/wp-content\/uploads\/2015\/07\/frases-de-Marta-flores-1--1024x770.png 1024w, http:\/\/www.foyerdecaridad.cl\/tome\/wp-content\/uploads\/2015\/07\/frases-de-Marta-flores-1--676x508.png 676w, http:\/\/www.foyerdecaridad.cl\/tome\/wp-content\/uploads\/2015\/07\/frases-de-Marta-flores-1-.png 1089w\" sizes=\"(max-width: 300px) 100vw, 300px\" \/><\/a> <a href=\"http:\/\/www.foyerdecaridad.cl\/tome\/wp-content\/uploads\/2015\/07\/frases-de-Marta-flores-2.png\"><img loading=\"lazy\" class=\"alignnone size-medium wp-image-113\" src=\"http:\/\/www.foyerdecaridad.cl\/tome\/wp-content\/uploads\/2015\/07\/frases-de-Marta-flores-2-300x224.png\" alt=\"frases de Marta-flores 2\" width=\"300\" height=\"224\" srcset=\"http:\/\/www.foyerdecaridad.cl\/tome\/wp-content\/uploads\/2015\/07\/frases-de-Marta-flores-2-300x224.png 300w, http:\/\/www.foyerdecaridad.cl\/tome\/wp-content\/uploads\/2015\/07\/frases-de-Marta-flores-2-1024x766.png 1024w, http:\/\/www.foyerdecaridad.cl\/tome\/wp-content\/uploads\/2015\/07\/frases-de-Marta-flores-2-676x506.png 676w, http:\/\/www.foyerdecaridad.cl\/tome\/wp-content\/uploads\/2015\/07\/frases-de-Marta-flores-2.png 1090w\" sizes=\"(max-width: 300px) 100vw, 300px\" \/><\/a> <a href=\"http:\/\/www.foyerdecaridad.cl\/tome\/wp-content\/uploads\/2015\/07\/frases-de-Marta-flores-3.png\"><img loading=\"lazy\" class=\"alignnone size-medium wp-image-114\" src=\"http:\/\/www.foyerdecaridad.cl\/tome\/wp-content\/uploads\/2015\/07\/frases-de-Marta-flores-3-300x225.png\" alt=\"frases de Marta-flores 3\" width=\"300\" height=\"225\" srcset=\"http:\/\/www.foyerdecaridad.cl\/tome\/wp-content\/uploads\/2015\/07\/frases-de-Marta-flores-3-300x225.png 300w, http:\/\/www.foyerdecaridad.cl\/tome\/wp-content\/uploads\/2015\/07\/frases-de-Marta-flores-3-1024x769.png 1024w, http:\/\/www.foyerdecaridad.cl\/tome\/wp-content\/uploads\/2015\/07\/frases-de-Marta-flores-3-676x508.png 676w, http:\/\/www.foyerdecaridad.cl\/tome\/wp-content\/uploads\/2015\/07\/frases-de-Marta-flores-3.png 1087w\" sizes=\"(max-width: 300px) 100vw, 300px\" \/><\/a> <a href=\"http:\/\/www.foyerdecaridad.cl\/tome\/wp-content\/uploads\/2015\/07\/frases-de-Marta-flores-4.png\"><img loading=\"lazy\" class=\"alignnone size-medium wp-image-115\" src=\"http:\/\/www.foyerdecaridad.cl\/tome\/wp-content\/uploads\/2015\/07\/frases-de-Marta-flores-4-300x224.png\" alt=\"frases de Marta-flores 4\" width=\"300\" height=\"224\" srcset=\"http:\/\/www.foyerdecaridad.cl\/tome\/wp-content\/uploads\/2015\/07\/frases-de-Marta-flores-4-300x224.png 300w, http:\/\/www.foyerdecaridad.cl\/tome\/wp-content\/uploads\/2015\/07\/frases-de-Marta-flores-4-1024x767.png 1024w, http:\/\/www.foyerdecaridad.cl\/tome\/wp-content\/uploads\/2015\/07\/frases-de-Marta-flores-4-676x506.png 676w, http:\/\/www.foyerdecaridad.cl\/tome\/wp-content\/uploads\/2015\/07\/frases-de-Marta-flores-4.png 1070w\" sizes=\"(max-width: 300px) 100vw, 300px\" \/><\/a> <a href=\"http:\/\/www.foyerdecaridad.cl\/tome\/wp-content\/uploads\/2015\/07\/frases-de-Marta-flores-5.png\"><img loading=\"lazy\" class=\"alignnone size-medium wp-image-116\" src=\"http:\/\/www.foyerdecaridad.cl\/tome\/wp-content\/uploads\/2015\/07\/frases-de-Marta-flores-5-300x236.png\" alt=\"frases de Marta-flores 5\" width=\"300\" height=\"236\" srcset=\"http:\/\/www.foyerdecaridad.cl\/tome\/wp-content\/uploads\/2015\/07\/frases-de-Marta-flores-5-300x236.png 300w, http:\/\/www.foyerdecaridad.cl\/tome\/wp-content\/uploads\/2015\/07\/frases-de-Marta-flores-5-1024x808.png 1024w, http:\/\/www.foyerdecaridad.cl\/tome\/wp-content\/uploads\/2015\/07\/frases-de-Marta-flores-5-676x533.png 676w, http:\/\/www.foyerdecaridad.cl\/tome\/wp-content\/uploads\/2015\/07\/frases-de-Marta-flores-5.png 1085w\" sizes=\"(max-width: 300px) 100vw, 300px\" \/><\/a> <a href=\"http:\/\/www.foyerdecaridad.cl\/tome\/wp-content\/uploads\/2015\/07\/frases-de-Marta-flores-6.png\"><img loading=\"lazy\" class=\"alignnone size-medium wp-image-117\" src=\"http:\/\/www.foyerdecaridad.cl\/tome\/wp-content\/uploads\/2015\/07\/frases-de-Marta-flores-6-300x224.png\" alt=\"frases de Marta-flores 6\" width=\"300\" height=\"224\" srcset=\"http:\/\/www.foyerdecaridad.cl\/tome\/wp-content\/uploads\/2015\/07\/frases-de-Marta-flores-6-300x224.png 300w, http:\/\/www.foyerdecaridad.cl\/tome\/wp-content\/uploads\/2015\/07\/frases-de-Marta-flores-6-1024x767.png 1024w, http:\/\/www.foyerdecaridad.cl\/tome\/wp-content\/uploads\/2015\/07\/frases-de-Marta-flores-6-676x506.png 676w, http:\/\/www.foyerdecaridad.cl\/tome\/wp-content\/uploads\/2015\/07\/frases-de-Marta-flores-6.png 1091w\" sizes=\"(max-width: 300px) 100vw, 300px\" \/><\/a> <a href=\"http:\/\/www.foyerdecaridad.cl\/tome\/wp-content\/uploads\/2015\/07\/frases-de-Marta-flores-7.png\"><img loading=\"lazy\" class=\"alignnone size-medium wp-image-118\" src=\"http:\/\/www.foyerdecaridad.cl\/tome\/wp-content\/uploads\/2015\/07\/frases-de-Marta-flores-7-300x225.png\" alt=\"frases de Marta-flores 7\" width=\"300\" height=\"225\" srcset=\"http:\/\/www.foyerdecaridad.cl\/tome\/wp-content\/uploads\/2015\/07\/frases-de-Marta-flores-7-300x225.png 300w, http:\/\/www.foyerdecaridad.cl\/tome\/wp-content\/uploads\/2015\/07\/frases-de-Marta-flores-7-1024x768.png 1024w, http:\/\/www.foyerdecaridad.cl\/tome\/wp-content\/uploads\/2015\/07\/frases-de-Marta-flores-7-676x507.png 676w, http:\/\/www.foyerdecaridad.cl\/tome\/wp-content\/uploads\/2015\/07\/frases-de-Marta-flores-7.png 1085w\" sizes=\"(max-width: 300px) 100vw, 300px\" \/><\/a> <a href=\"http:\/\/www.foyerdecaridad.cl\/tome\/wp-content\/uploads\/2015\/07\/frases-de-Marta-flores-8.png\"><img loading=\"lazy\" class=\"alignnone size-medium wp-image-119\" src=\"http:\/\/www.foyerdecaridad.cl\/tome\/wp-content\/uploads\/2015\/07\/frases-de-Marta-flores-8-300x225.png\" alt=\"frases de Marta-flores 8\" width=\"300\" height=\"225\" srcset=\"http:\/\/www.foyerdecaridad.cl\/tome\/wp-content\/uploads\/2015\/07\/frases-de-Marta-flores-8-300x225.png 300w, http:\/\/www.foyerdecaridad.cl\/tome\/wp-content\/uploads\/2015\/07\/frases-de-Marta-flores-8-1024x769.png 1024w, http:\/\/www.foyerdecaridad.cl\/tome\/wp-content\/uploads\/2015\/07\/frases-de-Marta-flores-8-676x507.png 676w, http:\/\/www.foyerdecaridad.cl\/tome\/wp-content\/uploads\/2015\/07\/frases-de-Marta-flores-8.png 1090w\" sizes=\"(max-width: 300px) 100vw, 300px\" \/><\/a> <a href=\"http:\/\/www.foyerdecaridad.cl\/tome\/wp-content\/uploads\/2015\/07\/frases-de-Marta-flores-9.png\"><img loading=\"lazy\" class=\"alignnone size-medium wp-image-120\" src=\"http:\/\/www.foyerdecaridad.cl\/tome\/wp-content\/uploads\/2015\/07\/frases-de-Marta-flores-9-300x228.png\" alt=\"frases de Marta-flores 9\" width=\"300\" height=\"228\" srcset=\"http:\/\/www.foyerdecaridad.cl\/tome\/wp-content\/uploads\/2015\/07\/frases-de-Marta-flores-9-300x228.png 300w, http:\/\/www.foyerdecaridad.cl\/tome\/wp-content\/uploads\/2015\/07\/frases-de-Marta-flores-9-1024x779.png 1024w, http:\/\/www.foyerdecaridad.cl\/tome\/wp-content\/uploads\/2015\/07\/frases-de-Marta-flores-9-676x514.png 676w, http:\/\/www.foyerdecaridad.cl\/tome\/wp-content\/uploads\/2015\/07\/frases-de-Marta-flores-9.png 1072w\" sizes=\"(max-width: 300px) 100vw, 300px\" \/><\/a> <a href=\"http:\/\/www.foyerdecaridad.cl\/tome\/wp-content\/uploads\/2015\/07\/frases-de-Marta-flores-10.png\"><img loading=\"lazy\" class=\"alignnone size-medium wp-image-121\" src=\"http:\/\/www.foyerdecaridad.cl\/tome\/wp-content\/uploads\/2015\/07\/frases-de-Marta-flores-10-300x225.png\" alt=\"frases de Marta-flores 10\" width=\"300\" height=\"225\" srcset=\"http:\/\/www.foyerdecaridad.cl\/tome\/wp-content\/uploads\/2015\/07\/frases-de-Marta-flores-10-300x225.png 300w, http:\/\/www.foyerdecaridad.cl\/tome\/wp-content\/uploads\/2015\/07\/frases-de-Marta-flores-10-1024x768.png 1024w, http:\/\/www.foyerdecaridad.cl\/tome\/wp-content\/uploads\/2015\/07\/frases-de-Marta-flores-10-676x507.png 676w, http:\/\/www.foyerdecaridad.cl\/tome\/wp-content\/uploads\/2015\/07\/frases-de-Marta-flores-10.png 1086w\" sizes=\"(max-width: 300px) 100vw, 300px\" \/><\/a> <a href=\"http:\/\/www.foyerdecaridad.cl\/tome\/wp-content\/uploads\/2015\/07\/frases-de-Marta-flores-11.png\"><img loading=\"lazy\" class=\"alignnone size-medium wp-image-122\" src=\"http:\/\/www.foyerdecaridad.cl\/tome\/wp-content\/uploads\/2015\/07\/frases-de-Marta-flores-11-300x223.png\" alt=\"frases de Marta-flores 11\" width=\"300\" height=\"223\" srcset=\"http:\/\/www.foyerdecaridad.cl\/tome\/wp-content\/uploads\/2015\/07\/frases-de-Marta-flores-11-300x223.png 300w, http:\/\/www.foyerdecaridad.cl\/tome\/wp-content\/uploads\/2015\/07\/frases-de-Marta-flores-11-1024x763.png 1024w, http:\/\/www.foyerdecaridad.cl\/tome\/wp-content\/uploads\/2015\/07\/frases-de-Marta-flores-11-676x504.png 676w, http:\/\/www.foyerdecaridad.cl\/tome\/wp-content\/uploads\/2015\/07\/frases-de-Marta-flores-11.png 1094w\" sizes=\"(max-width: 300px) 100vw, 300px\" \/><\/a> <a href=\"http:\/\/www.foyerdecaridad.cl\/tome\/wp-content\/uploads\/2015\/07\/frases-de-Marta-flores-12.png\"><img loading=\"lazy\" class=\"alignnone size-medium wp-image-123\" src=\"http:\/\/www.foyerdecaridad.cl\/tome\/wp-content\/uploads\/2015\/07\/frases-de-Marta-flores-12-300x225.png\" alt=\"frases de Marta-flores 12\" width=\"300\" height=\"225\" srcset=\"http:\/\/www.foyerdecaridad.cl\/tome\/wp-content\/uploads\/2015\/07\/frases-de-Marta-flores-12-300x225.png 300w, http:\/\/www.foyerdecaridad.cl\/tome\/wp-content\/uploads\/2015\/07\/frases-de-Marta-flores-12-1024x768.png 1024w, http:\/\/www.foyerdecaridad.cl\/tome\/wp-content\/uploads\/2015\/07\/frases-de-Marta-flores-12-676x507.png 676w, http:\/\/www.foyerdecaridad.cl\/tome\/wp-content\/uploads\/2015\/07\/frases-de-Marta-flores-12.png 1089w\" sizes=\"(max-width: 300px) 100vw, 300px\" \/><\/a><\/p>\n<p>&nbsp;<\/p>\n<h1 style=\"text-align: center;\"><strong>4- Oraci\u00f3n Madre Amad\u00edsima<\/strong><\/h1>\n<h4 style=\"text-align: center;\">\u00a0oh Madre Amad\u00edsima<\/h4>\n<table class=\"contentpaneopen\" style=\"height: 479px;\" width=\"1156\">\n<tbody>\n<tr>\n<td valign=\"top\">\n<blockquote class=\"quotation\"><p><strong><img loading=\"lazy\" class=\"alignleft\" title=\"Oraci\u00f3n de Marthe Robin\" src=\"http:\/\/www.foyer-de-charite.com\/images\/stories\/marthe\/vierge-priere.jpg\" alt=\"Oraci\u00f3n de Marthe Robin\" width=\"247\" height=\"329\" \/><\/strong><\/p>\n<p><strong>Oh Madre Amad\u00edsima,<\/strong><br \/>\n<strong> T\u00fa que conoces de manera tan perfecta los caminos de la Santidad y del Amor,<\/strong><br \/>\n<strong> ens\u00e9\u00f1anos a elevar frecuentemente nuestro esp\u00edritu y nuestro coraz\u00f3n hacia la Trinidad,<\/strong><br \/>\n<strong> a fijar en Ella nuestra. respetuosa y amorosa atenci\u00f3n.<\/strong><\/p>\n<p><strong>Y puesto que Tu caminas con nosotros por los senderos de la Vida Eterna,<\/strong><br \/>\n<strong> no permanezcas extra\u00f1a con los d\u00e9biles peregrinos que tu caridad desea tanto reunir;<\/strong><br \/>\n<strong> vuelve hacia nosotros tus miradas misericordiosas,<\/strong><br \/>\n<strong> atr\u00e1enos a tus claridades, in\u00fandanos en tus dulzuras,<\/strong><br \/>\n<strong> ll\u00e9vanos en la luz y en el Amor,<\/strong><br \/>\n<strong> ll\u00e9vanos siempre m\u00e1s lejos y m\u00e1s alto en los esplendores del Cielo.<\/strong><\/p>\n<p><strong>Que nada pueda jam\u00e1s turbar nuestra paz,<\/strong><br \/>\n<strong> ni apartarnos del pensamiento de Dios,<\/strong><br \/>\n<strong> sino que cada minuto nos lleve adentro<\/strong><br \/>\n<strong> en las profundidades del insondable Misterio,<\/strong><br \/>\n<strong>\u00a0hasta el d\u00eda en que nuestra alma<\/strong><br \/>\n<strong>\u00a0plenamente abierta a las iluminaciones de la uni\u00f3n divina,<\/strong><br \/>\n<strong>\u00a0\u00a0lo vea todo en el eterno Amor y en la unidad.<\/strong><\/p><\/blockquote>\n<\/td>\n<\/tr>\n<\/tbody>\n<\/table>\n<h1 style=\"text-align: center;\"><strong>5 Oraci\u00f3n para la beatificaci\u00f3n de Marta<\/strong><\/h1>\n<h3 style=\"text-align: center;\"><strong>Antes de leer la oraci\u00f3n para la beatificaci\u00f3n usted puede confiar a marta una intension, y al recibir un favor escribir en los comentarios.<\/strong><\/h3>\n<ul>\n<li style=\"text-align: left;\">Sagrado Coraz\u00f3n de Jes\u00fas, T\u00fa has manifestado a Marta tu gran Designio de Amor y de Vida, para atraer hacia Ti aquellos que Te buscan o Te han olvidado, y para que su ofrenda incesante de compasi\u00f3n y de misericordia participe en un Nuevo Pentecost\u00e9s.<br \/>\nTe pedimos que su beatificaci\u00f3n hecha por la Iglesia sirva para darte a conocer, a Ti que eres Palabra viva de Amor y de Paz, y para que, por la intercesi\u00f3n de Mar\u00eda, sigamos su ejemplo respondiendo a la llamada de todos nuestros hermanos.<br \/>\nD\u00edgnate escuchar la s\u00faplica que Te dirigimos, por la intercesi\u00f3n de tu sierva Marta, para que se manifiesten tu gozo y tu Gloria. Am\u00e9n<br \/>\nMarta Robin<br \/>\n\u2022 Naci\u00f3 el 13 de Marzo de 1902 en Ch\u00e2teauneuf de Galaure (Dr\u00f4me \u2013 Francia)<br \/>\n\u2022 En 1918 cae enferma y vivir\u00e1 en su lecho toda su vida.<br \/>\n\u2022 El 15 de Octubre de 1925, se consagra en un acto de abandono total al amor de Jes\u00fas por medio de la Virgen Mar\u00eda.<br \/>\n\u2022 En 1928, recibe una efusi\u00f3n del Esp\u00edritu Santo que la hace comprender su misi\u00f3n para la Iglesia y para el mundo, en uni\u00f3n con Jes\u00fas crucificado.<br \/>\n\u2022 El 10 de Febrero de 1936, recibe al Padre Jorge Finet, con quien funda los Foyers de Charit\u00e9 para la renovaci\u00f3n de los laicos y de los sacerdotes.<br \/>\n\u2022 Los Foyers de Charit\u00e9 se extienden por el mundo entero.<br \/>\n\u2022 Marta recibe en su cuarto miles de personas a quienes escucha, consuela, aconseja y ayuda a cambiar la vida de muchos.<br \/>\n\u2022 Marta muere con fama de santidad, el 6 de Febrero de 1981.<br \/>\n\u2022 Su proceso de beatificaci\u00f3n se adelanta en Roma y el 6 de mayo de 2010 la Congregaci\u00f3n para la causa de los santos firm\u00f3 la \u201cPositio\u201d.<br \/>\nPara comunicar gracias y favores recibidos por su intercesi\u00f3n:<br \/>\n<strong>Foyer de Charit\u00e9<\/strong><br \/>\n<strong> 85, Rue de Geoffroy de Moirans 26330 Ch\u00e2teauneuf de Galaure<\/strong><br \/>\n<strong> FRANCIA,<\/strong><br \/>\n<strong> o bien: Foyer de Charit\u00e9<\/strong><br \/>\n<strong> Casilla 15- Tom\u00e9 &#8211; CHILE<\/strong><\/li>\n<\/ul>\n<h1 style=\"text-align: center;\"><strong>\u00a0<\/strong><\/h1>\n<h1 style=\"text-align: center;\"><strong>\u00a0<\/strong><\/h1>\n<h1 style=\"text-align: center;\"><strong>\u00a0<\/strong><\/h1>\n","protected":false},"excerpt":{"rendered":"<p>1.- MARTA VENERABLE \u00a0 2.- video &nbsp; 3.-Pensamientos de Marta &nbsp; 4- Oraci\u00f3n Madre Amad\u00edsima \u00a0oh Madre Amad\u00edsima Oh Madre Amad\u00edsima, T\u00fa que conoces de manera tan perfecta los caminos de la Santidad y del Amor, ens\u00e9\u00f1anos a elevar frecuentemente nuestro esp\u00edritu y nuestro coraz\u00f3n hacia la Trinidad, a fijar en Ella nuestra. respetuosa y&hellip;<\/p>\n<p class=\"more-link-wrapper\"><a class=\"more-link\" href=\"http:\/\/www.foyerdecaridad.cl\/tome\/?page_id=20\">Continue<\/a><\/p>\n","protected":false},"author":1,"featured_media":0,"parent":0,"menu_order":0,"comment_status":"open","ping_status":"open","template":"","meta":[],"_links":{"self":[{"href":"http:\/\/www.foyerdecaridad.cl\/tome\/index.php?rest_route=\/wp\/v2\/pages\/20"}],"collection":[{"href":"http:\/\/www.foyerdecaridad.cl\/tome\/index.php?rest_route=\/wp\/v2\/pages"}],"about":[{"href":"http:\/\/www.foyerdecaridad.cl\/tome\/index.php?rest_route=\/wp\/v2\/types\/page"}],"author":[{"embeddable":true,"href":"http:\/\/www.foyerdecaridad.cl\/tome\/index.php?rest_route=\/wp\/v2\/users\/1"}],"replies":[{"embeddable":true,"href":"http:\/\/www.foyerdecaridad.cl\/tome\/index.php?rest_route=%2Fwp%2Fv2%2Fcomments&post=20"}],"version-history":[{"count":13,"href":"http:\/\/www.foyerdecaridad.cl\/tome\/index.php?rest_route=\/wp\/v2\/pages\/20\/revisions"}],"predecessor-version":[{"id":305,"href":"http:\/\/www.foyerdecaridad.cl\/tome\/index.php?rest_route=\/wp\/v2\/pages\/20\/revisions\/305"}],"wp:attachment":[{"href":"http:\/\/www.foyerdecaridad.cl\/tome\/index.php?rest_route=%2Fwp%2Fv2%2Fmedia&parent=20"}],"curies":[{"name":"wp","href":"https:\/\/api.w.org\/{rel}","templated":true}]}}